 4. Is p a composite number?
False
Let s = -66 - -72. Suppose 2*u = -s, 3*w = 2*u - 4*u + 3267. Is w a composite number?
False
Let o(r) = 223*r**2 - 3*r - 5. Is o(-2) a prime number?
False
Let s(p) = 772*p - 81. Is s(10) a prime number?
True
Suppose -89*g + 93*g - 92588 = 0. Is g a prime number?
False
Let t be (5/5 + -2)/(1 + -2). Is (t + -3)*(-635)/2 composite?
True
Let z(q) = q + 1. Let i be z(-1). Suppose i*o + 259 = o. Is o a prime number?
False
Suppose 0 = 4*i + 1136 - 7404. Is i prime?
True
Suppose 2 = -5*u - 3*v, 3*u + 0*v = 5*v + 26. Let m = u + 1. Suppose -126 = -3*l + m*b, 5*l + 2*b - 62 = 120. Is l a composite number?
True
Suppose -1533 = -5*s + 2*q, 0*q = -s - 5*q + 312. Let g = s - 124. Is g prime?
False
Let a = 30780 + 66961. Is a a composite number?
True
Let w be 2/(-7) + 16/7. Suppose -w*r - 5*l + 3*l + 1140 = 0, -4*l - 4 = 0. Is r composite?
False
Is 2154 + -5 + 0 + 4 composite?
False
Suppose 5*a = 3*g - 65208, -4*a - 1 - 11 = 0. Is g a composite number?
True
Suppose 28 - 44 = -2*c. Let m = 637 - c. Is m a composite number?
True
Let g = -19 + 83. Let o = g - 35. Suppose -4*v + o = -495. Is v a composite number?
False
Let f = -93424 - -150035. Is f prime?
True
Let q(l) be the second derivative of l**4/4 - l**3/2 - 3*l**2/2 + 5*l. Let o(b) = b**2 - 6*b + 6. Let i be o(6). Is q(i) a prime number?
False
Let o(b) = b**3 + 6*b**2 + 9*b**2 + 2*b + 8*b + 27 + 2*b. Is o(-8) a composite number?
False
Let y(g) = g**2 - 22*g + 34. Is y(-14) prime?
False
Suppose -5*b + 75 + 5 = 0. Let i = -14 + b. Suppose i*x - 110 = -3*x. Is x a prime number?
False
Let z(j) = 609*j + 77. Is z(10) a prime number?
False
Is 12 + -14 + 62040 + 1 a composite number?
False
Suppose 260*i - 147647 = -5*g + 263*i, -5*g + 147655 = -5*i. Is g prime?
True
Suppose -3*u + 4*y = -824, 0 = 2*u - 0*y + 2*y - 554. Suppose 4*m = a - 330, 0 = -5*a + 2*m + 1854 - u. Is a a prime number?
False
Let m(n) = n**3 - 5*n**2 + 2*n + 4. Let u be m(5). Suppose 0 = 2*w - u - 6. Is w a composite number?
True
Suppose -12*d + 308 = -1132. Suppose -3*w + 1 - 10 = 0, -4*w = 3*y - 1095. Let j = y + d. Is j composite?
True
Let p be (-2)/8 + (-61530)/(-40). Is -8 - -9 - (1 - p) composite?
True
Let d(z) = z + 1. Let b be d(1). Suppose 0 = s - b*s + 12. Is (-232)/(-2)*21/s composite?
True
Let b(u) = 9*u**3 + 15*u**2 + 35. Is b(11) a prime number?
True
Is 448490/28 - (-1)/2 composite?
True
Let t(w) = 2*w - 10. Let h be t(7). Suppose h*c - 2737 = -3*c. Is c composite?
True
Suppose 179876 = 8*r - 158564. Is r a composite number?
True
Let l be (-11 - (-3)/(-3))/1. Let y be (-1)/3 + 680/l. Let i = 20 - y. Is i composite?
True
Let v(r) = 398*r**2 + 9*r + 27. Is v(-4) composite?
False
Is 6 - (3 - -1) - -465 a composite number?
False
Let j(i) = 11*i - 48. Let w be j(6). Let g = 8 + -14. Is 978/w + g/(-9) composite?
True
Suppose -3*q = -4*c - 110, 2*c + 126 = -3*c - 2*q. Let z(y) = y**3 + 20*y**2 + 16*y - 12. Let t be z(-19). Let a = c + t. Is a a prime number?
True
Let u = -17 + 20. Suppose u*q = 518 - 137. Is q composite?
False
Suppose 4*c - 1944 = 4*v, 5*v - 1147 - 295 = -3*c. Suppose 0 = 2*s - 1230 + c. Is s prime?
True
Let v be (0 - 1)/((-6)/12). Suppose 5*f - 3*f = -3*m - 15, -f + m + 5 = 0. Suppose 2*b = v*g - 1834, f*b - 6 = -3*b. Is g composite?
False
Let u(h) = -h**3 + 27*h**2 + 3. Is u(24) a composite number?
True
Let x(s) = 18*s**2 + 22*s - 1. Is x(-9) composite?
False
Let n = 44 - 40. Suppose -567 = -4*f - f + 4*p, 2*f - n*p - 222 = 0. Is f a composite number?
True
Let w(v) = -217*v - 2. Let r(m) = -218*m - 2. Let b(t) = 6*r(t) - 5*w(t). Suppose 0 = 5*g + 4*g + 9. Is b(g) a prime number?
False
Is 3747/(1/(-3) + 28/21) prime?
False
Let d(m) = 88*m + 1. Let a be d(7). Suppose 5*q + 118 = -a. Let n = q - -334. Is n prime?
False
Let y be (-4)/(-5) - 22480/(-25). Let f = y + 33. Let l = f + -428. Is l a composite number?
True
Suppose 3*t + 9 = -2*q, 0*q - 2*q + 3*t = 3. Let h be (-1 - 2)/3 - q. Is (-1)/h*211*-2 composite?
False
Suppose -2*w - 3054 = -3*b, -2*w + 4*w = -6. Let c = -679 + b. Is c composite?
False
Let j = -140 + 214. Suppose -179 = -3*b + k, 2*b + 2*k = -j + 188. Is b prime?
True
Let g = 70154 - 41253. Is g a composite number?
False
Let v(i) = i**3 + 4*i**2 - i - 1. Let c be (2/6)/((-8)/96). Let t be v(c). Suppose -t*f + 394 = -0*f - z, -2*z + 409 = 3*f. Is f a composite number?
True
Let w be (4 + -3)/(-1)*-3203. Suppose l = w + 204. Is l prime?
True
Let l(u) be the third derivative of u**5/60 + 5*u**3/6 - 2*u**2. Let v be l(0). Suppose f = 3*f - 5*r - 561, 2*r = v*f - 1392. Is f prime?
False
Let o(l) = 21 - 4*l**2 + 5*l**2 - 10 + 2*l. Let b be o(-8). Suppose 0 = 5*p - 96 - b. Is p a prime number?
True
Let t(b) = b**2 - b + 292 - 592 + 301. Let n = 10 + -4. Is t(n) composite?
False
Suppose -6*o - 3246 = -9*o. Suppose -2*p + o = -7664. Is p a composite number?
False
Let m = -5818 + 15329. Is m a composite number?
False
Let o(s) = 8*s + 2. Suppose -17*q = -12*q - 20. Suppose -v - q*v = -15. Is o(v) composite?
True
Suppose 32*v + 19*v = 642651. Is v prime?
True
Suppose 0 = -2*u + 8*u - 1134. Let z = -121 - u. Let v = z - -459. Is v composite?
False
Let l(h) = h**2 + 8*h + 11. Let r be l(-7). Suppose 4*o = -2*k + 54, -r*o + k + k = -66. Suppose o = 5*s - 320. Is s composite?
False
Is 3*(-200517)/(-9)*(8 - 7) composite?
True
Suppose 3 = t - 5. Let q = 7 - t. Is (3/6)/(q/(-382)) a prime number?
True
Let l = -2 - -4. Suppose 5*i + 5210 = 5*q, 4*i = l*q + 3*i - 2085. Is q composite?
True
Let n(t) = 2*t**3 - 6*t**2 - 10*t + 3. Let x = 18 + -10. Is n(x) a composite number?
False
Is (58/(-8))/(6/(-12984)) a composite number?
True
Let m = 38 - 14. Let y be ((-12)/(-8))/((-9)/m). Let u(a) = -36*a - 5. Is u(y) a composite number?
False
Let p be -2 + -3 - (2 + 0). Let w = p + 9. Suppose 11 - 96 = -5*g - w*k, -63 = -2*g + 5*k. Is g a prime number?
True
Let r be ((7 - 4) + 25)/2. Suppose 4*j - r - 6 = 0. Let c(t) = t**3 + 2*t**2 - 3*t + 3. Is c(j) composite?
False
Let c(p) = -1067*p - 36. Is c(-5) a composite number?
True
Let l = -1 + 6. Suppose 0 = -l*v - 3*r + 4523, -4*v + r + 3636 = -r. Is v prime?
True
Let d be ((-921)/2)/(27/(-252)). Suppose -5*p + 1367 = -2*q - 9378, 2*p - 2*q - d = 0. Is p prime?
False
Suppose -5*a - 23 = 3*i, 0*i = 3*i + 3*a + 15. Is (i - (-2)/8) + 4252/16 prime?
False
Let f be 1/(1/2)*34. Let b be 244/16 - 1/4. Suppose -f = -k - b. Is k a prime number?
True
Let m(y) = -1. Let v(u) = -11*u. Let w(b) = 4*m(b) + 2*v(b). Let k be w(-2). Suppose k = c - 47. Is c a composite number?
True
Suppose -1876 = -4*p - 0*p. Let f = p - 324. Is f composite?
True
Let r(u) = -u + 4. Let c be r(8). Let h be (-144)/(-54)*(-6)/c. Is (10/(-15))/(h/(-570)) a prime number?
False
Suppose -2995 = -2*h + 17667. Is h a composite number?
False
Suppose -2*n - 2175 = -0*i + 3*i, -1457 = 2*i - n. Let m = -332 - i. Is m a composite number?
True
Let j be 84/(-9) - (-2 + 20/12). Is j/24 - (-14230)/16 composite?
True
Suppose -2*l - 3*a + 3926 = 0, -l = -24*a + 29*a - 1949. Is l prime?
False
Suppose 6*b - 7*b + 377 = 0. Let m = b + -78. Let s = -138 + m. Is s prime?
False
Suppose 4*d = 176372 + 103592. Is d a prime number?
True
Let h = -1 + 12. Suppose 0 = -3*r + 2*y + h + 2, -r = -4*y - 1. Suppose 4*p = r*a - 79, 3*a - 103 = -2*a - 2*p. Is a prime?
True
Let t = 6 - 4. Let b be (2 - -1001) + 1 - t. Suppose -3*c + 500 = 2*z, 6*c - b = -4*z + c. Is z composite?
True
Let y = 123 + 1904. Suppose y + 758 = 5*h. Is h a prime number?
True
Suppose -17*a = t - 20*a - 17279, 2*t + 4*a - 34598 = 0. Is t a prime number?
True
Let p(m) = 2*m + 10. Let o be p(-4). Suppose -2*g = o*g - d - 8974, 4*g + d = 8970. Is g a prime number?
True
Let n = 639 + -446. Suppose -197 = -c + 3*v + n, -1 = -v. Is c a prime number?
False
Let z(n) be the second derivative of n**4/12 - n**3/2 - 6*n**2 + 4*n. Let w be z(5). Is (w - -542) + (8 - 7) a composite number?
False
Is (-78)/26*7609/(-3) a composite number?
True
Suppose 3*h - 5*y = 44491, -30*h + 5*y = -31*h + 14797. Is h a prime number?
False
Let w = -1833 - -2860. Is w composite?
True
Is 42495 - (-9 - (-13 + 2)) prime?
False
Is 11/2 + -5 - (-8594)/4 composite?
True
Suppose 0 = -0*r + 2*r - 16. Let h be r/6*(-15)/(-10). Suppose 46 = -h*n + 120. Is n a prime number?
True
Let s(p) = -p 